2 + 7*c + 10. What is b(-7)?
10
Let o(x) = 12*x - 6. Determine o(1).
6
Let i(p) = -p - 6. Give i(11).
-17
Let q(o) = o - 18. Give q(2).
-16
Let m(t) = -2*t**2 - 5. Give m(-3).
-23
Let z(l) = 43*l**2 - 2*l - 1. Calculate z(-1).
44
Let m(c) = c**2 - 3. What is m(2)?
1
Let c(p) = 3*p**2 - 2*p - 1. Give c(-1).
4
Let v(y) = y**2 - 10*y - 42. What is v(-3)?
-3
Let g(p) = -5*p + 1. Determine g(-2).
11
Let i(v) = -3*v**2 - 5*v - 7. Determine i(-4).
-35
Let j(h) = -4*h**2 - h + 2. Give j(1).
-3
Let x(o) = o**3 - 11*o**2 + 4*o + 14. Determine x(10).
-46
Let h(t) = 8*t + 2. Give h(-4).
-30
Let u(x) = x**3 - 11*x**2 - 8*x + 1. Give u(12).
49
Let y(c) = c**2 + 8*c - 5. Calculate y(-9).
4
Let x(z) = -z**2 + 3*z + 24. Determine x(5).
14
Let f(q) = 7*q - 18. Give f(4).
10
Let k(f) = f**2 - 10*f - 20. What is k(10)?
-20
Let g(o) = 13*o - 149. Calculate g(11).
-6
Let k(b) = b**3 - 42*b**2 - 136*b + 53. Determine k(45).
8
Let j(t) = t + 5. Determine j(-8).
-3
Let p(c) = 2*c**3 - 27*c**2 + 12*c + 8. Calculate p(13).
-5
Let d(i) = -2*i**2 - 66*i + 71. What is d(-34)?
3
Let q(g) = -11*g**2 + 3*g - 4. Give q(1).
-12
Let g(f) = 3*f + 36. What is g(-15)?
-9
Let f(d) = -d**2 - 4. Calculate f(-4).
-20
Let s(g) = 2*g**2 - 4*g - 24. Determine s(8).
72
Let r(n) = 3*n - 3. Calculate r(-7).
-24
Let p(b) = b**3 + 17*b**2 + 15*b - 21. Calculate p(-16).
-5
Let a(d) = -d**3 + 11*d - 3. Determine a(-3).
-9
Let l(s) = -18*s - 8. Calculate l(-6).
100
Let l(g) = 11*g - 5. Give l(3).
28
Let b(f) = -f**3 + 11*f**2 - 8*f - 20. What is b(10)?
0
Let a(t) = -5*t + 4. What is a(4)?
-16
Let c(a) = 3*a - 4. Determine c(-5).
-19
Let u(i) = -4*i**2 - 13*i - 12. Give u(-1).
-3
Let m(a) = -2*a - 13. Give m(-6).
-1
Let p(s) = -s**3 + 8*s**2 - 10*s - 17. Calculate p(6).
-5
Let b(h) = -2*h - 18. Give b(-6).
-6
Let n(l) = 29*l**2 - 232*l + 11. Determine n(8).
11
Let j(y) = y**2 + 21*y + 77. What is j(-5)?
-3
Let t(u) = -u**3 + 16*u**2 + 5*u - 21. What is t(16)?
59
Let u(p) = -2*p + 8. Determine u(6).
-4
Let t(j) = 2*j**2 + 8*j. What is t(-4)?
0
Let a(z) = -z**2 - 11*z + 7. Give a(-12).
-5
Let y(r) = -r**3 + 11*r**2 - 20*r + 22. Give y(9).
4
Let l(a) = a**3 - 51*a**2 + 98*a - 13. Give l(49).
-13
Let m(t) = t**3 - 9*t**2 + 14*t - 11. Calculate m(7).
-11
Let k(d) = d**3 + 7*d**2 - 8*d - 16. What is k(-7)?
40
Let c(j) = j - 6. Give c(9).
3
Let z(y) = 10*y**2 - 2. What is z(-2)?
38
Let f(s) = -s**2 + 3*s - 10. Give f(3).
-10
Let w(r) = -r**3 + 6*r**2 + 6*r + 5. Calculate w(7).
-2
Let f(y) = -3*y + 9. Determine f(9).
-18
Let q(j) = -j - 9. Determine q(8).
-17
Let z(d) = 4*d**2 + 14*d + 2. Calculate z(-3).
-4
Let t(o) = o**2 - 14*o + 18. Give t(11).
-15
Let g(d) = d**3 + 8*d**2 - 15*d - 2. Calculate g(2).
8
Let z(h) = h**3 + 6*h**2 - 3*h + 18. What is z(-7)?
-10
Let g(a) = a**3 - 26*a**2 + 6*a - 158. Calculate g(26).
-2
Let j(d) = 14*d + 49. Determine j(8).
161
Let a(k) = k**3 + 7*k**2 + 13*k + 31. What is a(-7)?
-60
Let b(a) = -a**2 + 2*a + 1. What is b(3)?
-2
Let r(s) = s**2 + 2*s - 2. Calculate r(3).
13
Let y(m) = -m**3 + 3*m**2 - 2*m + 4. Determine y(4).
-20
Let x(m) = -m**2 + 14*m + 25. What is x(11)?
58
Let f(i) = i**3 + 12*i**2 + 13*i + 16. What is f(-11)?
-6
Let t(o) = o**3 - 10*o**2 - 13*o + 8. Determine t(12).
140
Let k(i) = i**2 + 6*i - 9. What is k(-5)?
-14
Let o(f) = 14*f**3 + 3*f**2 + f. What is o(-1)?
-12
Let h(v) = -7*v**2 + v + 1. What is h(-1)?
-7
Let d(u) = -u**3 + 5*u**2 + 5*u + 11. What is d(6)?
5
Let p(r) = -r**3 - 5*r**2 - 3*r - 4. Determine p(-5).
11
Let g(i) = 6*i**3 + 30*i**2 + 4*i + 1. Calculate g(-5).
-19
Let r(l) = -133*l**3 + 3*l**2 + l - 1. Determine r(-1).
134
Let g(m) = m**3 + 13*m**2 + 16*m + 17. Calculate g(-12).
-31
Let b(p) = -p**2 + 28*p - 9. Determine b(28).
-9
Let i(f) = 4*f**2 - 76*f + 220. Calculate i(3).
28
Let h(w) = 33*w + 62. Calculate h(-2).
-4
Let q(t) = -t**3 - t + 5. Calculate q(0).
5
Let w(j) = -3*j + 91. What is w(0)?
91
Let l(t) = -24*t**2. Determine l(1).
-24
Let s(o) = -o**2 - 4*o + 2. Give s(-5).
-3
Let j(l) = -4*l**2 + 74*l - 39. Give j(18).
-3
Let a(o) = -3*o + 82. Determine a(17).
31
Let x(h) = -h**2 - 2*h + 10. Calculate x(-5).
-5
Let z(c) = 8*c + 53. Calculate z(-7).
-3
Let g(w) = -w**3 - 14*w**2 + 8*w + 14. Calculate g(-15).
119
Let h(q) = 2*q**3 - 4*q**2 + q - 2. Give h(3).
19
Let l(w) = -w**3 - 10*w**2 - 8*w + 11. What is l(-9)?
2
Let t(y) = -y**3 - 8*y**2 + 2*y - 8. Determine t(-8).
-24
Let s(y) = -2*y**3 + y**2 + 2*y - 2. Determine s(2).
-10
Let s(t) = 24*t - 9. Calculate s(7).
159
Let w(t) = -t**2 - 17*t + 41. Give w(-19).
3
Let f(i) = i**3 - 14*i**2 - 2*i + 5. Calculate f(14).
-23
Let s(h) = -2*h**3 + 39*h**2 - 22*h + 64. What is s(19)?
7
Let j(g) = -18*g**3 + g**2 + 2*g. What is j(-1)?
17
Let t(q) = 21*q - 1. Give t(-1).
-22
Let y(p) = 6*p - 67. Calculate y(16).
29
Let m(u) = 29*u + 209. What is m(-7)?
6
Let c(i) = i**3 + 40*i**2 + 42*i + 130. Give c(-39).
13
Let q(f) = f**2 + 18*f - 93. What is q(4)?
-5
Let l(i) = -i**2 - i - 5. Calculate l(-5).
-25
Let s(t) = 43*t**3 + 2*t**2 - 2*t + 1. Give s(1).
44
Let p(v) = 5*v - 45. Give p(10).
5
Let c(j) = -2*j - 4. Give c(-8).
12
Let n(d) = 2*d**3 - 14*d**2 + 15*d - 109. What is n(7)?
-4
Let s(z) = z**3 - 4*z**2 - z + 4. What is s(3)?
-8
Let x(z) = -z**3 - 4*z**2 + 5*z + 3. Determine x(-5).
3
Let s(i) = i**3 + 9*i**2 + 16*i - 3. Calculate s(-7).
-17
Let g(o) = -o**2 + 9*o + 1. Calculate g(7).
15
Let t(o) = -2*o**2 + 12*o + 37. What is t(8)?
5
Let y(b) = -4*b**3 + b + 2. Determine y(-2).
32
Let a(c) = -c**3 + 7*c**2 - 2*c + 5. Calculate a(7).
-9
Let q(t) = 19*t**2 + t + 3. Give q(3).
177
Let i(h) = 5*h**2 - 2*h - 1. Calculate i(-1).
6
Let d(s) = -s**3 + 3*s**2 - 1. What is d(3)?
-1
Let n(x) = -x**2 - 3*x + 37. What is n(5)?
-3
Let j(l) = -l**3 - 10*l**2 + 11*l + 5. What is j(-11)?
5
Let c(r) = -r**3 - 6*r**2 + 5*r + 11. What is c(-6)?
-19
Let u(i) = -i**3 - 16*i**2 - 16*i - 2. Calculate u(-15).
13
Let s(t) = -16*t - 2. Calculate s(-2).
30
Let q(y) = -2*y**3 + 15*y**2 - 7*y - 17. Calculate q(7).
-17
Let m(z) = 2*z + 15. Calculate m(-9).
-3
Let a(i) = i**2 + 6*i + 9. Determine a(-4).
1
Let c(q) = -2*q**2 + 3*q + 3. Calculate c(3).
-6
Let b(v) = 3*v**2 + 16*v - 1. What is b(-5)?
-6
Let p(f) = 5*f + 83. Determine p(16).
163
Let s(v) = -v**3 + 8*v**2 - 3*v + 17. Determine s(8).
-7
Let t(q) = 3*q + 2. Calculate t(-7).
-19
Let z(a) = -a**3 + 7*a**2 + 2*a + 1. Give z(7).
15
Let k(a) = a**3 + 7*a**2 + 8*a + 6. Calculate k(-6).
-6
Let u(z) = z**3 - 15*z**2 + z + 25. Calculate u(15).
40
Let p(x) = x**3 - 25*x**2 - 3*x + 69. Give p(25).
-6
Let r(n) = n**2 - 17*n - 21. Calculate r(17).
-21
Let n(k) = 3*k + 55. Give n(-14).
13
Let a(r) = -r - 11. Calculate a(-5).
-6
Let w(r) = -r**3 - 22*r**2 - 23*r - 40. Determine w(-21).
2
Let s(f) = -2*f - 5. What is s(0)?
-5
Let w(q) = -q + 12. What is w(9)?
3
Let j(p) = -p**3 + 12*p**2 - 23*p - 44. Give j(9).
-8
Let g(r) = -r**2 + 32. Calculate g(0).
32
Let j(u) = 5*u - 87. What is j(25)?
38
Let p(g) = g**3 + 10*g**2 - 3*g + 34. Calculate p(-10).
64
Let v(s) = s**2 - 7*s - 121. Calculate v(0).
-121
Let g(j) = 4*j**2 - 2*j. Calculate g(3).
30
Let d(b) = b + 6. Calculate d(5).
11
Let j(s) = 5*s**2 + 17*s - 1. Determine j(-6).
77
Let c(v) = v**3 - 6*v**2 + 6*v + 29. Determine c(5).
34
Let r(l) = -88*l**2 - 2*l - 1. Calculate r(-1).
-87
Let s(v) = -4*v + 42. What is s(22)?
-46
Let y(c) = c + 27. Determine y(-26).
1
Let w(g) = g**3 + 7*g**2 + 7*g + 8. What is w(-6)?
2
Let u(a) = a**3 - 3*a**2 - 4*a - 3. Calculate u(4).
-3
Let k(l) = -l**2 - 17*l - 53. Calculate k(-9).
19
Let z(w) = 3*w**3 - 2*w**2 + w - 2. What is z(3)?
64
Let j(h) = -h**3 + 31*h**2 - 167*h - 18. What is j(24)?
6
Let q(r) = r**3 + 21*r**2 - 23*r - 3. Calculate q(-22).
19
Let v(z) = 3*z - 1. Calculate v(-5).
-16
Let h(v) = -v**2 - 10*v - 15. What is h(-6)?
9
Let z(k) = -k**3 + 17*k**2 - 15*k - 13. What is z(16)?
3
Let k(z) = -2*z**2 + 25*z - 23. Calculate k(7).
54
Let b(p) = -2*p**3 - 10*p**2 + 2*p + 11. Determine b(-5).
1
Let v(y) = -y**3 + 11*y**2 - 33*y + 226. Calculate v(10).
-4
Let k(z) = 6*z - 33. Calculate k(14).
51
Let d(v) = v**3 + 50*v**2 + 47*v - 83. Determine d(-49).
15
Let l(z) = -21*z + 39. Calculate l(4).
-45
Let p(i) = 3*i - 26. What is p(8)?
-2
Let m(g) = 6*g - 4. What is m(3)?
14
Let b(u) 